= d. Is 4 a factor of d?
False
Suppose 20 = 3*n - 7. Is n a multiple of 4?
False
Suppose 4*s + 10 - 194 = 0. Does 32 divide s?
False
Let h = -3 - -7. Let j = h + 0. Suppose -4*m + 100 = j*a, -5*m = 4*a - 0*a - 100. Is 9 a factor of a?
False
Suppose 3*v - 5*v + 88 = -2*q, 2*v - 80 = -2*q. Is 21 a factor of v?
True
Let a(l) = -l - 2. Let m(b) = -b - 3. Let s(v) = -3*a(v) + 2*m(v). Let f be s(-1). Is 11 a factor of f*(-39)/6*4?
False
Is 9*(-1 + (-12)/(-9)) a multiple of 3?
True
Let x be (0/(3 + -1))/3. Let k be 7/(-3)*(-45 + x). Suppose 4*w + 105 = 3*o, 4*w = 3*o - w - k. Is o a multiple of 17?
False
Suppose 4*j = 3*s - 174, -2*s - 2*j + 116 = -3*j. Let b = -16 + s. Is 14 a factor of b?
True
Let b(c) = 1 - 7 + c**2 - 8*c + 3*c. Let l be b(6). Suppose l = 7*t - 2*t - 10. Is t a multiple of 2?
True
Suppose -q + 26 = -5. Is q a multiple of 8?
False
Let c = -37 + 87. Is c a multiple of 33?
False
Let c(x) = 3*x - 10. Let i be c(4). Let a(t) = t**3 + 5*t**2 - 7*t - 2. Let v be a(-6). Suppose 0 = 4*u - i*u - v. Is u a multiple of 2?
True
Let k(v) = -v - 4. Let i be k(-5). Is 5 a factor of (-20 - i)/((-3)/2)?
False
Suppose -v + 12 = 2*v + 5*r, 20 = 5*v + 4*r. Is v a multiple of 2?
True
Suppose 3*u - t - 532 = u, 8 = 2*t. Is 11 a factor of u?
False
Suppose 0 = -2*b - 3*j - 52, 3*b + 78 = 5*j - j. Suppose -c - 5*n - 2 = 1, 2*n = 0. Let g = c - b. Is 23 a factor of g?
True
Suppose 5*g = g + 224. Is 10 a factor of g?
False
Let o(r) = 0*r + r + 2*r - 5*r + r**2 - 3. Is o(-5) a multiple of 16?
True
Let s be 4/22 + 124/44. Does 3 divide 9/6*(-1 + s)?
True
Let l be 9*(10/(-6))/(-5). Suppose -l*y = -251 + 35. Is 12 a factor of y?
True
Suppose -4*u + 50 + 86 = 0. Is 26 a factor of u?
False
Let u = 72 - 30. Is u a multiple of 14?
True
Let x(n) = 28*n - 4. Let c be x(4). Suppose 0 = 3*q - 3*o - c, 0*q = 3*q - 4*o - 112. Is 8 a factor of q?
True
Let q(g) = -g**2 - 7*g - 7. Let p be q(-6). Let a = 4 - p. Suppose -4*f - 3*m = -99, a*f - 115 = -0*m - 2*m. Is f a multiple of 18?
False
Suppose 4*u = -3*s + 2*s + 1223, 4*u = 4*s + 1248. Is 16 a factor of u?
False
Does 24 divide (16/5)/(287/95 - 3)?
False
Let v = -12 - -8. Let j = v + 1. Does 12 divide (1 - j/2)*10?
False
Let l(p) be the first derivative of p**3 + p**2/2 - p - 2. Let m(d) = 2*d**2 - d - 1. Let v be m(-1). Is 11 a factor of l(v)?
False
Let f(w) be the first derivative of w**3/3 - w**2/2 + w + 2. Let r be f(2). Is (26/r)/(1/3) a multiple of 10?
False
Suppose 0 = -5*d - 3*u + 306, -u + 6*u = -2*d + 130. Does 20 divide d?
True
Suppose -250 = 2*t - t - 4*o, t - o + 241 = 0. Let w = 334 + t. Suppose -n = 2*n - w. Does 16 divide n?
True
Let c = -1 + -2. Let z be 6/c*(1 - 0). Let h(r) = 12*r**2 + 3*r + 1. Does 17 divide h(z)?
False
Is (2/3)/((-3)/(-63)) a multiple of 14?
True
Let s(c) = 2*c + 12. Let x be s(-5). Is 16 a factor of x/9 - (-2150)/45?
True
Suppose b + 0*b + 2*t = 284, 298 = b - 5*t. Suppose -b + 87 = -3*o. Let k = -36 + o. Is k a multiple of 8?
False
Suppose m - 5*m = 0. Suppose -3*o + 9 = -3*d, m*o - 2*o - 5*d + 13 = 0. Is 2 a factor of o?
True
Let d be 8/4 + -1*2. Suppose 3*i + 2*m - 68 = d, 3*i - 5*m + 0 = 82. Suppose -4*k + 0*k + i = 0. Is k a multiple of 3?
True
Suppose 5*c - 510 + 20 = 0. Is 14 a factor of c?
True
Suppose 2*f + 2*f - 4 = 0, 3*f = -3*s + 30. Suppose -u - 4 = 0, 4*o - 2*u = -u - 16. Let t = o + s. Is t a multiple of 2?
True
Let l be 34*4*(-1)/(-8). Let w = 8 - -22. Let g = w - l. Does 6 divide g?
False
Suppose -1 = 3*q + 14. Let r = -3 - q. Suppose -7 + 1 = -r*k. Is 3 a factor of k?
True
Suppose 5*r - 44 = 261. Is 15 a factor of r?
False
Suppose -5*j + 10*j = 3*f - 989, 5*f = 5*j + 1655. Is f a multiple of 37?
True
Let g = -21 + 79. Is 1*4/(8/g) a multiple of 8?
False
Let x = 6 - 3. Let n = 0 - x. Does 13 divide (1/n)/(4/(-156))?
True
Let c(a) = a**2 - 4*a + 1. Let p(z) = z - 16. Let t be p(12). Is c(t) a multiple of 14?
False
Let s be 1 + (-3)/2*4. Let h(f) = f**2 + f - 5. Is h(s) a multiple of 15?
True
Suppose -g - z + 76 = -5*z, 3*g = 4*z + 204. Does 16 divide g?
True
Let d(s) = s**3 - 5*s**2 + 7. Let b be d(5). Let k(r) = 2 - 2*r**2 + 3*r**2 + 0*r**2 - 5*r. Does 16 divide k(b)?
True
Let m(h) = h**3 - 5*h**2 - 2*h - 1. Suppose 24 = -3*t - t. Let b be t/5*(5 + -10). Is 15 a factor of m(b)?
False
Let w = -81 + 156. Is 25 a factor of w?
True
Suppose -102 = -o - 2*o. Is o a multiple of 17?
True
Suppose 5*z = 6*z - 85. Is z a multiple of 22?
False
Let v(x) = x**3 + 5*x**2 + x + 4. Let k be v(-5). Is 2 + k + 35 + 3 a multiple of 13?
True
Let g be 1*6/3 - -38. Suppose 4*x = 24 + g. Does 16 divide x?
True
Suppose 0 = -5*g + 2*g + 81. Let r = g + 10. Is r a multiple of 10?
False
Let n(k) = -k**2 - 4*k - 3. Let w be n(-4). Let x = 4 + w. Is 14 a factor of 33 + x + 2 + -1?
False
Let t(n) = -n**2 - 16*n + 7. Suppose 12 = -2*f + 5*o - 7, -4*f = 3*o + 51. Is 21 a factor of t(f)?
False
Let l(f) = 28 + 3*f + 0*f**2 + 2*f**3 - 5*f**2 - 24. Is 32 a factor of l(4)?
True
Let y(s) = s**2 + s + 15. Is 5 a factor of y(5)?
True
Let o = 100 + -58. Is 21 a factor of o?
True
Does 10 divide 100/(-30)*66/(-4)?
False
Let d be 0 - (-3)/(2/(-2)). Suppose 8*q - 4 = 4*q. Is 27 - (d + 0 + q) a multiple of 18?
False
Let a = 9 + -17. Let y = 13 + a. Suppose -y*q - 5*w = -165, -4*w - 201 = -5*q - 0*q. Is 17 a factor of q?
False
Let f(y) = -3*y**2 - 7*y + 10. Let b(h) = h**2 + 3*h - 5. Let a(n) = 5*b(n) + 2*f(n). Let l be a(4). Let j = l - -29. Is j a multiple of 5?
False
Let h = -14 + 31. Suppose 4*y - h = -1. Is y a multiple of 3?
False
Let t(n) = n**3 + 8*n**2 + 11*n - 6. Is t(-5) a multiple of 12?
False
Suppose 4*c = -0*c + 88. Suppose c = -2*x - 5*r, -5*r = -7*x + 2*x - 20. Is 3 a factor of (-38)/x - 4/(-6)?
False
Let a(h) = 4*h**3 - 4*h**2 - 9*h. Let t(d) = 2*d**3 - 2*d**2 - 5*d. Let s(x) = 3*a(x) - 5*t(x). Is 19 a factor of s(3)?
False
Suppose -28 + 80 = 4*l. Does 3 divide l?
False
Suppose -3*x = -5*a + 153, -a - 2*x = -38 + 10. Does 18 divide a?
False
Let t(d) be the third derivative of d**2 - 1/3*d**3 + 0 + 0*d + 1/6*d**4. Is 10 a factor of t(6)?
False
Suppose 0 = 4*f + 3*x - 30, f - 3*x = -0*x. Suppose 0 = -5*b + 3*b + f, 4*n + b - 227 = 0. Does 14 divide n?
True
Let g = -257 - -445. Is g a multiple of 28?
False
Suppose -2*f = -6*f. Suppose k + f*k - 4 = 0. Suppose k*n + w - 126 = 0, 0 = 2*n + n + 5*w - 86. Is n a multiple of 16?
True
Let j be 624/21 - 2/(-7). Suppose o - 4*o + 2*a = -18, -5*a - j = -5*o. Does 5 divide o?
False
Let p(f) = -9*f - 8. Let u be p(-6). Suppose -44 = -5*a + u. Does 9 divide a?
True
Is 31 a factor of (-4)/6 + 1584/27?
False
Is (-2)/(-3)*(-660)/(-8) a multiple of 11?
True
Suppose 15*u = 11*u + 1024. Does 32 divide u?
True
Let i(o) = o**2 - 5*o + 3. Let f be i(5). Let j(z) = z**3 - 3*z**2 + 2*z + 2. Is 3 a factor of j(f)?
False
Let b(q) be the third derivative of q**7/720 + q**5/60 - q**2. Let r(n) be the third derivative of b(n). Is 5 a factor of r(1)?
False
Suppose 3*l + j = 133 + 118, -3*l + 256 = -4*j. Does 23 divide l?
False
Let a(q) = 38*q**2 - 4*q + 10. Is 14 a factor of a(3)?
False
Let q be (-22)/33 + (-64)/(-6). Suppose -4 = -2*s - 0. Suppose 0*r = s*r - q. Does 5 divide r?
True
Let w(f) = f - 4. Suppose 2*j - 10 - 2 = 0. Let n be w(j). Suppose -132 = -n*b - 2*b. Is b a multiple of 11?
True
Let u = 172 + -93. Suppose -4*w + 9*w + 4*v = 585, 0 = 2*v. Let c = w - u. Is 15 a factor of c?
False
Let a(z) be the third derivative of z**7/840 - z**6/180 - z**5/30 + z**4/12 - z**3/6 - z**2. Let h(i) be the first derivative of a(i). Is 9 a factor of h(4)?
True
Let x(o) = 4*o**2 + 4*o - 5. Let f be x(-4). Let u = -30 + 8. Let k = f + u. Does 9 divide k?
False
Let i = 3 + 3. Let n = 1 + 0. Does 12 divide i + -7 + n*13?
True
Suppose w + 12 = -2*w. Let l(r) = 4*r**2 + 3*r - 8. Let p(d) = -d**2 - d + 3. Let n(c) = 2*l(c) + 7*p(c). Is n(w) a multiple of 17?
False
Suppose -5*i + 495 = 9*p - 4*p, -i - 411 = -4*p. Is 4 a factor of p?
False
Let o(l) = -5*l**2 + 4*l - 7. Let i(f) be the second derivative of -f**4/2 + f**3/2 - 4*f**2 - 2*f. Let v(b) = -4*i(b) + 5*o(b). Is 12 a factor of v(5)?
True
Let f(m) = 36*m**2 + m. Let c(k) = k - 8. Let h be c(7). Is f(h) a multiple of 16?
False
Let f(i) = i**2 + i - 2. Let g be f(-2). Suppose g = 4*b, 7*h - 4*h = 4*b. Suppose -q - 55 = -5*c, 0 = -3*q